{"id":5781,"date":"2026-03-17T11:23:39","date_gmt":"2026-03-17T11:23:39","guid":{"rendered":"https:\/\/perfumaessence.com\/product\/yasmine-soir-parfum-floral-sensuel-inspire-par-jadore-de-dior\/"},"modified":"2026-04-03T05:37:41","modified_gmt":"2026-04-03T05:37:41","slug":"yasmine-soir-parfum-floral-sensuel-inspire-par-jadore-de-dior","status":"publish","type":"product","link":"https:\/\/perfumaessence.com\/ary\/product\/yasmine-soir-parfum-floral-sensuel-inspire-par-jadore-de-dior\/","title":{"rendered":"Yasmine Soir \u2013 Parfum floral sensuel inspir\u00e9 par J&rsquo;adore de Dior"},"content":{"rendered":"<p>Le jasmin de nuit marocain, distill\u00e9 dans un sillage diaphane et profond\u00e9ment sensuel. Yasmine Soir est un parfum floral f\u00e9minin d&rsquo;une d\u00e9licatesse absolue, port\u00e9 par des notes de jasmin et de fleurs blanches d&rsquo;exception. Un parfum femme luxueux et intemporel, id\u00e9al pour les soir\u00e9es \u00e9l\u00e9gantes.<\/p>","protected":false},"excerpt":{"rendered":"<p>Le jasmin de nuit marocain, distill\u00e9 dans un sillage diaphane et profond\u00e9ment sensuel. Yasmine Soir est un parfum floral f\u00e9minin d&rsquo;une d\u00e9licatesse absolue, port\u00e9 par des notes de jasmin et de fleurs blanches d&rsquo;exception. Un parfum femme luxueux et intemporel, id\u00e9al pour les soir\u00e9es \u00e9l\u00e9gantes.<\/p>","protected":false},"featured_media":5679,"comment_status":"open","ping_status":"closed","template":"","meta":{"om_disable_all_campaigns":false,"_monsterinsights_skip_tracking":false,"_monsterinsights_sitenote_active":false,"_monsterinsights_sitenote_note":"","_monsterinsights_sitenote_category":0},"product_brand":[119],"product_cat":[55],"product_tag":[112,101],"class_list":{"0":"post-5781","1":"product","2":"type-product","3":"status-publish","4":"has-post-thumbnail","6":"product_brand-04-dior","7":"product_cat-femme","8":"product_tag-3-feminin-luxe-signature","9":"product_tag-1-floral","11":"first","12":"instock","13":"taxable","14":"shipping-taxable","15":"purchasable","16":"product-type-simple"},"_links":{"self":[{"href":"https:\/\/perfumaessence.com\/ary\/wp-json\/wp\/v2\/product\/5781","targetHints":{"allow":["GET"]}}],"collection":[{"href":"https:\/\/perfumaessence.com\/ary\/wp-json\/wp\/v2\/product"}],"about":[{"href":"https:\/\/perfumaessence.com\/ary\/wp-json\/wp\/v2\/types\/product"}],"replies":[{"embeddable":true,"href":"https:\/\/perfumaessence.com\/ary\/wp-json\/wp\/v2\/comments?post=5781"}],"version-history":[{"count":0,"href":"https:\/\/perfumaessence.com\/ary\/wp-json\/wp\/v2\/product\/5781\/revisions"}],"wp:featuredmedia":[{"embeddable":true,"href":"https:\/\/perfumaessence.com\/ary\/wp-json\/wp\/v2\/media\/5679"}],"wp:attachment":[{"href":"https:\/\/perfumaessence.com\/ary\/wp-json\/wp\/v2\/media?parent=5781"}],"wp:term":[{"taxonomy":"product_brand","embeddable":true,"href":"https:\/\/perfumaessence.com\/ary\/wp-json\/wp\/v2\/product_brand?post=5781"},{"taxonomy":"product_cat","embeddable":true,"href":"https:\/\/perfumaessence.com\/ary\/wp-json\/wp\/v2\/product_cat?post=5781"},{"taxonomy":"product_tag","embeddable":true,"href":"https:\/\/perfumaessence.com\/ary\/wp-json\/wp\/v2\/product_tag?post=5781"}],"curies":[{"name":"wp","href":"https:\/\/api.w.org\/{rel}","templated":true}]}}